
8
Let q(n) = -n**2 + 2*n - 2. Give q(4).
-10
Let z(x) = -2*x**2 + x + 2. Give z(2).
-4
Let u(a) = -20*a + 141. Calculate u(7).
1
Let c(n) = 4*n - 33. Give c(6).
-9
Let q(s) = 4*s**2 - 21*s + 7. Determine q(6).
25
Let o(s) = s**3 - 6*s**2 + 11*s - 6. Determine o(7).
120
Let z(f) = f**3 - 10*f**2 + 9*f - 5. What is z(9)?
-5
Let k(b) = b**2 + 6*b - 1. Give k(-5).
-6
Let x(c) = 2*c**2 - 5*c + 7. Calculate x(4).
19
Let q(x) = -4*x**2 + 27*x - 1. Give q(7).
-8
Let q(t) = -8*t**2 - 95*t + 23. Calculate q(-12).
11
Let r(v) = -v - 11. Give r(-8).
-3
Let s(w) = w**3 - 11*w**2 + 14*w + 13. Calculate s(9).
-23
Let a(m) = -m**2 + 3*m + 15. Calculate a(6).
-3
Let v(l) = l**2 + 2*l - 6. Determine v(-4).
2
Let l(v) = -148*v - 1. Give l(-1).
147
Let m(b) = -b**3 + 7*b**2 - 12*b + 12. Give m(5).
2
Let s(n) = -2*n**3 + 13*n**2 + 2*n + 33. What is s(7)?
-2
Let d(n) = n**2 - n - 32. Determine d(5).
-12
Let a(c) = -2*c**3 + 76*c**2 - 12*c + 457. Calculate a(38).
1
Let t(b) = b**3 - 13*b**2 + 2*b - 18. Give t(13).
8
Let w(b) = -11*b**2 + 3*b - 2. Calculate w(1).
-10
Let z(t) = 6*t**3 + t**2 - 3*t + 3. What is z(1)?
7
Let r(x) = 4*x**2 + 2*x - 5. Determine r(3).
37
Let y(l) = 3*l + 55. What is y(-20)?
-5
Let b(r) = -r**3 - 6*r**2 + 11*r + 11. Determine b(-7).
-17
Let p(u) = 3*u**2 - 8*u + 1. Calculate p(3).
4
Let k(a) = 3*a**2 + 22*a + 13. Give k(-7).
6
Let d(n) = 7*n - 23. Give d(3).
-2
Let u(t) = 3*t**3 + 4*t**2 - 2*t - 5. Calculate u(3).
106
Let r(n) = -4*n**2 + 7*n - 3. What is r(5)?
-68
Let u(x) = 2*x**2 - 8*x - 12. Determine u(5).
-2
Let f(z) = z**2 - 10*z + 17. What is f(7)?
-4
Let y(a) = -a**3 - 6*a**2 - a + 7. What is y(-6)?
13
Let o(l) = l**3 - 8*l**2 + 5*l + 6. Calculate o(8).
46
Let h(c) = 2*c + 24. Give h(6).
36
Let v(b) = -b**2 - 13*b + 765. Determine v(-35).
-5
Let d(y) = y**2 - 12*y - 92. Give d(-7).
41
Let w(s) = 29*s**3 + s - 1. What is w(1)?
29
Let g(s) = 8*s + 9. What is g(-2)?
-7
Let m(g) = g**3 + 28*g**2 - 26*g + 92. Calculate m(-29).
5
Let m(c) = -c**3 + 5*c**2 + 2*c - 27. What is m(-5)?
213
Let v(d) = -d**3 - 11*d**2 - d - 1. Determine v(-11).
10
Let q(b) = 14*b - 152. Determine q(8).
-40
Let d(f) = 3*f**2 - 16*f - 10. Determine d(6).
2
Let l(f) = -2*f**2 - 10*f + 24. Determine l(-7).
-4
Let u(n) = -2*n**2 + 16*n - 23. Determine u(2).
1
Let d(j) = -3*j - 8. Determine d(7).
-29
Let y(u) = -u**3 + 6*u**2 - 3*u - 2. Calculate y(6).
-20
Let k(h) = 2*h**2 - 29*h + 40. Give k(14).
26
Let w(p) = p**2 - 3*p + 6. Give w(7).
34
Let s(w) = -2*w**2 + 26*w - 31. Give s(12).
-7
Let r(t) = 3*t**3 - 4*t**2 + 3*t. Calculate r(2).
14
Let j(f) = -f**2 - 3*f + 13. Give j(3).
-5
Let i(y) = 3*y**3 - 40*y**2 + 16*y - 39. What is i(13)?
0
Let t(o) = -2*o**3 + 5*o**2 + o - 4. Calculate t(2).
2
Let m(q) = q**3 + 10*q**2 + 15*q + 4. What is m(-6)?
58
Let g(b) = 12*b + 5. What is g(-1)?
-7
Let y(i) = i**3 - 10*i**2 - 12*i + 6. What is y(11)?
-5
Let f(u) = u**2 + 30*u - 20. Calculate f(-31).
11
Let g(k) = k**3 + 8*k**2 + 13*k. What is g(-5)?
10
Let w(i) = i**2 - 4*i - 21. Give w(9).
24
Let a(v) = -69*v + 2. What is a(1)?
-67
Let l(x) = -21*x + 7. What is l(0)?
7
Let y(b) = -7*b - 45. What is y(-17)?
74
Let o(j) = 2*j - 10. What is o(0)?
-10
Let h(y) = 3*y + 37. Give h(-8).
13
Let c(i) = -10*i**3 - i**2 - 2*i - 1. Give c(-1).
10
Let f(s) = -s**2 + 55*s + 1132. Calculate f(-16).
-4
Let b(o) = o**3 - 5*o**2 - 11*o + 3. What is b(6)?
-27
Let z(w) = w**3 + 9*w**2 - 3*w + 4. What is z(-8)?
92
Let k(h) = -h**3 + 11*h**2 - 7*h - 11. Determine k(10).
19
Let l(m) = -m**2 + 12*m - 2. Calculate l(14).
-30
Let y(u) = -u**2 - 8*u + 5. Calculate y(-7).
12
Let b(s) = -s**2 - 15*s - 16. Give b(-13).
10
Let w(y) = 3*y - 11. What is w(5)?
4
Let z(u) = u**3 - 11*u**2 + 23*u - 10. What is z(9)?
35
Let j(p) = -p**3 + 2*p**2 - 2. Give j(-2).
14
Let i(f) = -18*f + 120. Determine i(8).
-24
Let i(t) = -t**2 - t + 1. Give i(-5).
-19
Let o(i) = -6*i + 23. What is o(9)?
-31
Let w(r) = 7*r - 1. What is w(-4)?
-29
Let y(l) = 2*l**3 + 2*l. What is y(2)?
20
Let l(h) = h**2 + 7*h - 3. Calculate l(-13).
75
Let a(g) = -g**2 + 10*g. Determine a(14).
-56
Let o(w) = -4*w**2 - 3*w - 2. Determine o(-1).
-3
Let z(x) = -x**3 - 8*x**2 - 10*x + 4. What is z(-6)?
-8
Let f(q) = -q**2 + 12*q - 12. Calculate f(9).
15
Let y(k) = k**3 - 5*k**2 - 11*k + 24. Give y(6).
-6
Let i(j) = j**2 + 6*j - 3. Give i(-15).
132
Let y(s) = s**3 + s**2 - s + 4. Give y(-3).
-11
Let o(p) = -2*p**2 - p - 3. Determine o(0).
-3
Let y(d) = -4*d + 2. Determine y(5).
-18
Let m(q) = 45*q + 181. Determine m(-4).
1
Let q(c) = c + 11. Give q(-5).
6
Let h(y) = -y**2 - 3*y - 5. Determine h(-4).
-9
Let h(v) = -2*v**2 + 17*v - 50. What is h(6)?
-20
Let f(j) = 16*j - 154. What is f(9)?
-10
Let b(j) = -j**2 + 14*j + 93. Calculate b(-6).
-27
Let u(d) = -2*d + 16. Give u(12).
-8
Let s(i) = -i**3 + 27*i**2 + 90*i + 4. Calculate s(30).
4
Let m(n) = -n**2 - 8*n + 6. Calculate m(-9).
-3
Let o(s) = s**3 + 11*s**2 + 2*s + 13. Give o(-11).
-9
Let w(f) = -11*f + 22. Give w(12).
-110
Let m(x) = -11*x - 2. Calculate m(1).
-13
Let z(b) = 2*b**2 - 12*b + 18. What is z(3)?
0
Let z(u) = -u**3 - 4*u**2 + 16*u + 20. Give z(-6).
-4
Let m(n) = -n**2 - 9*n - 17. Calculate m(-7).
-3
Let z(k) = k**3 + 21*k**2 - 2*k - 21. Give z(-21).
21
Let u(b) = b**2 + 14*b - 11. Give u(-15).
4
Let z(v) = -v**3 - 14*v**2 + 16*v + 11. Determine z(-15).
-4
Let f(z) = -13*z**2 + 2*z + 2. Calculate f(-1).
-13
Let v(g) = -g**2 + 58*g + 75. What is v(59)?
16
Let y(p) = 4*p - 8. Calculate y(-1).
-12
Let h(a) = a**3 + 5*a**2 - 5*a - 4. Calculate h(-6).
-10
Let l(u) = -u**3 + 16*u**2 + 14*u + 49. Give l(17).
-2
Let o(r) = r - 20. Give o(-14).
-34
Let c(k) = 2*k**2 + k + 3. What is c(-6)?
69
Let p(j) = 7*j + 7. Calculate p(0).
7
Let a(y) = 3*y + 37. Calculate a(-13).
-2
Let d(v) = -19*v + 75. What is d(3)?
18
Let z(u) = -3*u**3 - 2*u**2 + 2*u. What is z(2)?
-28
Let t(c) = 42*c**2 - 2*c - 1. Give t(-1).
43
Let r(b) = 2*b**3 - 27*b**2 + 13*b - 17. Determine r(13).
-17
Let j(z) = -53*z**2 + 3*z - 3. Give j(1).
-53
Let c(v) = v**3 + 16*v**2 + 14*v + 11. Determine c(-15).
26
Let c(p) = 5*p + 24. Give c(-5).
-1
Let i(u) = -u**3 + 2*u**2 - 9*u + 39. Give i(3).
3
Let o(m) = 5*m - 30. What is o(11)?
25
Let f(a) = -a**3 - 7*a**2 + 6*a - 20. What is f(-8)?
-4
Let n(v) = -v**3 - 7*v**2 - 9*v + 5. What is n(-5)?
0
Let v(z) = -4*z + 1. Give v(5).
-19
Let w(t) = -2*t**2 - 29*t + 21. What is w(-15)?
6
Let i(n) = -10*n + 9. Determine i(2).
-11
Let h(s) = -9*s - 6. Give h(-6).
48
Let m(c) = -c**3 - c**2 + 9*c - 13. What is m(-5)?
42
Let k(u) = u**3 + u**2 + 14. Determine k(0).
14
Let l(g) = -53*g**2 - 1. Give l(-1).
-54
Let x(a) = a**3 - 7*a**2 - 5*a + 5. Determine x(7).
-30
Let m(a) = 2*a**3 - 2*a**2 + 4*a + 10. Calculate m(0).
10
Let r(d) = -28*d**2 + 1. What is r(1)?
-27
Let d(q) = -q**3 - 18*q**2 - 3*q + 23. Determine d(-18).
77
Let l(c) = c**3 + 14*c**2 - 72*c - 19. Calculate l(-18).
-19
Let a(s) = -s**2 + 5*s + 8. Determine a(7).
-6
Let t(b) = b**3 + 5*b**2 - 7*b. Calculate t(-6).
6
Let u(h) = h**2 + 9*h + 7. Determine u(-8).
-1
Let i(c) = -c**2 - 2*c + 23. What is i(6)?
-25
Let c(g) = g**2 - 6*g + 11. Determine c(6).
11
Let h(b) = b**3 + 16*b**2 - 19*b - 25. What is h(-17)?
9
Let v(f) = -3*f**2 + 2*f - 18. Give v(5).
-83
Let n(c) = 5*c - 37. What is n(7)?
-2
Let r(f) = -f - 6. Determine r(-6).
0
Let d(x) = -5*x - 25. Determine d(-3).
-10
Let r(d) = 3*d**3 - d**2 - 7*d - 7. Determine r(-1).
-4
Let k(n) = -7*n - 59. Determine k(-8).
-3
Let w(u) = -2*u + 63. Determine w(43).
-23
Let a(y) = -y**2 - 4*y - 7. What is a(-6)?
-19
Let c(i) = -i**2 + i + 9. What is c(4)?
-3
Let y(f) = f**2 + 20*f + 40. What is y(-17)?
-11
Let l(t) = -t**3 - t**2 - 3*t + 9. What is l(-4)?
69
Let i(u) = -u + 2. Give i(2).
0
Let z(q) = -q**2 - 5*q - 19. Determine z(-9).
-55
Let j(t) = 2*t**2 - 8*t + 12. Determine j(2).
4
Let t(q) = q**3 - 4*q**2. Determine t(3).
-9
Let u(m) = 6*m - 73. What is u(13)?
5
Let z(o) = 8*o**2 + 4*o + 3. What is z(-1)?
7
Let l(z) = -z**2 - 12*z - 9. What is l(-8)?
23
Let i(d) = -d**2 - 11*d - 9. What is i(-10)?
1
Let f(k) = -k**3 + 7*k**2 + 4*k + 12. Calculate f(8).
-20
Let l(t) = 25*t**3 - t**2. What is l(-1)?
-26
Let p(w) = -14*w. What is p(-1)?
14
Let p(t) = t**2 - 12*t + 7. Calculate p(9).
-20
Let q(i) = -7